03 a multiple of 28?
False
Is 81 a factor of 324?
True
Is 7126 a multiple of 5?
False
Is 10133 a multiple of 33?
False
Does 2 divide 14?
True
Is 7 a factor of 699?
False
Does 26 divide 3796?
True
Does 51 divide 458?
False
Is 5 a factor of 165?
True
Is 3822 a multiple of 147?
True
Is 11 a factor of 48576?
True
Is 2843 a multiple of 90?
False
Is 7 a factor of 3882?
False
Is 135 a factor of 6345?
True
Is 26 a factor of 416?
True
Is 25 a factor of 1375?
True
Does 14 divide 94206?
True
Does 9 divide 77515?
False
Is 252 a multiple of 18?
True
Is 20 a factor of 27720?
True
Does 3 divide 253?
False
Is 1406 a multiple of 74?
True
Does 10 divide 3390?
True
Is 14 a factor of 8302?
True
Does 4 divide 1408?
True
Is 8680 a multiple of 17?
False
Is 19 a factor of 253?
False
Does 148 divide 3039?
False
Does 12 divide 216?
True
Does 49 divide 13132?
True
Is 1321 a multiple of 5?
False
Is 8522 a multiple of 18?
False
Is 13665 a multiple of 10?
False
Is 2702 a multiple of 18?
False
Does 7 divide 133?
True
Is 37 a factor of 2294?
True
Is 7 a factor of 1239?
True
Is 15043 a multiple of 84?
False
Is 115 a factor of 1813?
False
Does 82 divide 4674?
True
Is 85550 a multiple of 50?
True
Does 44 divide 44?
True
Is 106 a factor of 1378?
True
Is 207 even?
False
Is 18 a factor of 2232?
True
Is 5 a factor of 6897?
False
Is 17 a factor of 24616?
True
Does 43 divide 469?
False
Is 330 a multiple of 33?
True
Is 39 a factor of 30888?
True
Does 4 divide 2889?
False
Does 65 divide 3868?
False
Is 628 a multiple of 21?
False
Is 59 a multiple of 4?
False
Is 1078 a multiple of 13?
False
Does 10 divide 53?
False
Is 138 a factor of 8970?
True
Is 148624 a multiple of 16?
True
Is 22 a factor of 989?
False
Is 562 a multiple of 3?
False
Is 5850 a multiple of 25?
True
Is 59 a factor of 92972?
False
Is 12973 a multiple of 7?
False
Is 57 a factor of 1140?
True
Is 50 a factor of 5950?
True
Is 29 a factor of 160892?
True
Is 9 a factor of 24822?
True
Does 10 divide 2640?
True
Is 63 a factor of 2961?
True
Is 14606 a multiple of 226?
False
Is 22 a factor of 5083?
False
Does 8 divide 14608?
True
Does 7 divide 623?
True
Is 7895 a multiple of 13?
False
Is 117 a factor of 9594?
True
Does 24 divide 17164?
False
Does 58 divide 263?
False
Is 30 a factor of 28381?
False
Is 224 a multiple of 8?
True
Does 55 divide 990?
True
Does 9 divide 9207?
True
Is 17 a factor of 69003?
True
Does 43 divide 11997?
True
Does 3 divide 9054?
True
Is 12 a factor of 64080?
True
Is 26 a factor of 18226?
True
Is 11 a factor of 5610?
True
Is 94095 a multiple of 41?
True
Is 98 a factor of 3442?
False
Does 10 divide 21415?
False
Is 14 a factor of 4396?
True
Does 75 divide 14850?
True
Does 49 divide 441?
True
Is 7908 a multiple of 12?
True
Is 3 a factor of 1987?
False
Is 66 a factor of 23425?
False
Is 150 a factor of 19851?
False
Is 231 a multiple of 33?
True
Does 13 divide 1573?
True
Does 3 divide 492?
True
Is 998 a multiple of 65?
False
Does 19 divide 6517?
True
Does 103 divide 11110?
False
Is 5883 a multiple of 37?
True
Does 18 divide 734?
False
Does 100 divide 7800?
True
Is 1896 a multiple of 13?
False
Is 844 a multiple of 44?
False
Is 12 a factor of 936?
True
Is 16 a factor of 329?
False
Is 468 a multiple of 39?
True
Is 13052 a multiple of 26?
True
Does 41 divide 7550?
False
Does 40 divide 3859?
False
Is 30191 a multiple of 133?
True
Does 8 divide 6392?
True
Does 5 divide 4429?
False
Is 10 a factor of 23517?
False
Is 385 a multiple of 20?
False
Is 31 a factor of 5381?
False
Is 5857 a multiple of 3?
False
Does 20 divide 420?
True
Is 11571 a multiple of 20?
False
Is 49 a factor of 71295?
True
Is 1807 a multiple of 17?
False
Is 3 a factor of 2465?
False
Is 5 a factor of 532?
False
Is 11 a factor of 91?
False
Is 31 a factor of 1206?
False
Is 14040 a multiple of 120?
True
Is 144 a factor of 13787?
False
Does 8 divide 50?
False
Is 14 a factor of 28448?
True
Is 795 a multiple of 37?
False
Is 19730 a multiple of 10?
True
Is 6358 a multiple of 34?
True
Is 896 a multiple of 41?
False
Is 4 a factor of 1464?
True
Is 3 a factor of 807?
True
Does 6 divide 104?
False
Is 513 even?
False
Is 426 a multiple of 3?
True
Does 20 divide 1086?
False
Is 6468 a multiple of 33?
True
Is 11332 a multiple of 47?
False
Does 11 divide 6160?
True
Does 140 divide 7864?
False
Is 29260 a multiple of 10?
True
Is 26 a factor of 21502?
True
Does 160 divide 21004?
False
Is 1140 a multiple of 30?
True
Is 87 a factor of 21750?
True
Is 11 a factor of 39?
False
Does 43 divide 4311?
False
Does 158 divide 10309?
False
Is 1130 a multiple of 7?
False
Is 3354 a multiple of 6?
True
Does 38 divide 19183?
False
Does 20 divide 1217?
False
Is 7758 a multiple of 170?
False
Is 17 a factor of 903?
False
Is 4 a factor of 633?
False
Does 132 divide 3432?
True
Is 36 a factor of 341?
False
Does 53 divide 2372?
False
Is 3 a factor of 114?
True
Is 1702 a multiple of 37?
True
Is 37 a multiple of 2?
False
Is 5518 a multiple of 21?
False
Is 2 a factor of 224?
True
Does 2 divide 9041?
False
Is 2320 a multiple of 58?
True
Does 15 divide 315?
True
Is 5624 a multiple of 38?
True
Is 99 a factor of 7629?
False
Is 17 a factor of 772?
False
Is 5 a factor of 1440?
True
Is 199 a multiple of 4?
False
Is 5332 a multiple of 31?
True
Is 100 a multiple of 5?
True
Does 19 divide 228?
True
Is 1440 a multiple of 72?
True
Is 18168 a multiple of 6?
True
Is 3955 a multiple of 33?
False
Is 2976 a multiple of 24?
True
Is 8689 even?
False
Is 90 a multiple of 10?
True
Is 11 a factor of 131098?
True
Does 44 divide 1452?
True
Is 552 a multiple of 8?
True
Is 8137 a multiple of 82?
False
Is 9 a factor of 1453?
False
Is 14 a factor of 13552?
True
Is 16 a factor of 21280?
True
Is 16 a factor of 640?
True
Is 36381 a multiple of 74?
False
Is 64 a factor of 896?
True
Is 6900 a multiple of 3?
True
Is 208 a multiple of 16?
True
Does 40 divide 8280?
True
Is 80883 a multiple of 43?
True
Is 40 a factor of 10040?
True
Is 3906 a multiple of 42?
True
Is 68 a factor of 8432?
True
Is 8 a factor of 145?
False
Does 11 divide 1615?
False
Does 10 divide 10609?
False
Is 8617 a multiple of 7?
True
Does 218 divide 70376?
False
Is 29 a factor of 398?
False
Does 130 divide 1690?
True
Is 480 a multiple of 90?
False
Is 374 a multiple of 9?
False
Is 12 a factor of 2579?
False
Does 6 divide 1008?
True
Is 4236 a multiple of 15?
False
Is 70 a multiple of 7?
True
Is 13178 a multiple of 12?
False
Does 11 divide 1337?
False
Is 78 a factor of 17784?
True
Is 41 a factor of 4904?
False
Is 1702 a multiple of 38?
False
Is 44 a factor of 2398?
False
Is 29 a factor of 812?
True
Does 14 divide 223?
False
Is 28 a factor of 18317?
False
Is 14 a factor of 685?
False
Does 2 divide 27?
False
Is 11920 a multiple of 80?
True
Does 3 divide 4248?
True
Does 31 divide 15572?
False
Is 1591 a multiple of 37?
True
Does 4 divide 8624?
True
Is 16004 a multiple of 204?
False
Is 37 a factor of 911?
False
Is 2246 a multiple of 14?
False
Does 164 divide 67896?
True
Is 816 a multiple of 16?
True
Is 1197 a multiple of 14?
False
Is 12 a factor of 2151?
False
Does 133 divide 1197?
True
Is 40 a factor of 33560?
True
Is 188 a factor of 29704?
True
Does 26 divide 27612?
True
Does 178 divide 77074?
True
Is 12 a factor of 122340?
True
Is 79 a factor of 6320?
True
Does 26 divide 2652?
True
Does 7 divide 1533?
True
Is 10 a factor of 37?
False
Is 80 a factor of 7760?
True
Is 131 a multiple of 4?
False
Is 2484 a multiple of 6?
True
Is 1419 a multiple of 61?
False
Is 7 a factor of 651?
True
Is 829 a multiple of 6?
False
Is 5616 a multiple of 8?
True
Does 74 divide 7326?
True
Is 18 a factor of 352?
False
Is 520 a multiple of 130?
True
Is 3560 a multiple of 26?
False
Does 26 divide 16710?
False
Does 7 divide 4438?
True
Does 18 divide 324?
True
Is 32373 a multiple of 10?
False
Is 8 a factor of 26512?
True
Does 6 divide 1030?
False
Is 90 a factor of 15714?
False
Is 60 a factor of 49620?
True
Is 240 a multiple of 10?
True
Is 42 a factor of 2512?
False
Is 18 a factor of 9879?
False
Is 19 a factor of 832?
False
Is 58 a factor of 1624?
True
Does 20 divide 17965?
False
Is 19178 a multiple of 43?
True
Is 41733 a multiple of 10?
False
Does 19 divide 3086?
False
Is 4 a factor of 1968?
True
Does 323 divide 62985?
True
Is 70705 a multiple of 31?
False
Does 16 divide 7321?
False
Is 320 a multiple of 5?
